{"id":140,"date":"2013-10-14T17:03:44","date_gmt":"2013-10-14T17:03:44","guid":{"rendered":"http:\/\/blogs.pacasmayo.com\/estampaspacasmayinas\/?page_id=140"},"modified":"2013-10-14T17:29:42","modified_gmt":"2013-10-14T17:29:42","slug":"literatura-magica","status":"publish","type":"page","link":"https:\/\/blogs.pacasmayo.com\/estampaspacasmayinas\/literatura-magica\/","title":{"rendered":"Literatura M\u00e1gica"},"content":{"rendered":"<p>La literatura oral o m\u00e1gica que comprende los mitos, cuentos y leyendas, naci\u00f3 antes de la literatura escrita y se viene trasmitiendo de padres a hijos desde tiempos muy remotos.<\/p>\n<p>El pr\u00f3posito de esta literatura de origen popular es: ense\u00f1ar el origen de los antepasados, las inquietudes espirituales, morales, hechos her\u00f3icos, etc&#8230;<\/p>\n<p>En la composici\u00f3n toma parte toda la comunidad. En el c\u00edrculo familiar el ni\u00f1o desde el regazo de la madre oye los relatos maravillosos que comienzan a inquietar su mundo infantil.<\/p>\n<p>Hay personas que sienten desd\u00e9n por esta clase literatura, por creerla producto de mentes enfermizas. Sin embargo, hoy en d\u00eda estudiosos especializados en diferentes materias, est\u00e1n pretando atenci\u00f3n a la literatura oral. Sobre este tema Marcos Yauri Montero lo explica ampliamente en &#8220;Cr\u00f3nica Cultural&#8221; N*56, del 27 de setiembre de 1981.<\/p>\n<p>Ahora escuchemos a don Alfredo Valle Degregori qui\u00e9n nos dice: &#8220;&#8230;.el mito es la creaci\u00f3n colectiva de un pueblo en b\u00fasqueda de la verdad de sus or\u00edgenes. En el mito se est\u00e1 representando el alma de la gente, el esp\u00edritu de la naci\u00f3n. Sus deseos, frustraciones, estado cultural,inquietud moral, etc.<br \/>\nSi alguien me dice que existe un pueblo sin mitos, yo voy ha pensar muy mal de dicho pueblo, voy ha pensar que es un pueblo ap\u00e1tico, fr\u00edo, desesperanzado, sin ideal, sin misterio, porque todo esto son los mitos: verdad, misterio, ilusi\u00f3n, ideal, emoci\u00f3n, vida&#8230; &#8220;-La Prensa de Lima, 17-2-1976.<\/p>\n<ul class=\"display-posts-listing\"><li class=\"listing-item\"><a class=\"title\" href=\"https:\/\/blogs.pacasmayo.com\/estampaspacasmayinas\/origen-de-pacasmayo\/\">Or\u00edgen de Pacasmayo<\/a><\/li><li class=\"listing-item\"><a class=\"title\" href=\"https:\/\/blogs.pacasmayo.com\/estampaspacasmayinas\/la-carreta-del-penitente\/\">La Carreta del Penitente<\/a><\/li><li class=\"listing-item\"><a class=\"title\" href=\"https:\/\/blogs.pacasmayo.com\/estampaspacasmayinas\/la-campana-encantada\/\">La Campana Encantada<\/a><\/li><li class=\"listing-item\"><a class=\"title\" href=\"https:\/\/blogs.pacasmayo.com\/estampaspacasmayinas\/el-globo-de-luz\/\">El Globo de Luz<\/a><\/li><li class=\"listing-item\"><a class=\"title\" href=\"https:\/\/blogs.pacasmayo.com\/estampaspacasmayinas\/el-tesoro-encantado\/\">El Tesoro Encantado<\/a><\/li><li class=\"listing-item\"><a class=\"title\" href=\"https:\/\/blogs.pacasmayo.com\/estampaspacasmayinas\/la-calle-del-fantasma\/\">La Calle del Fantasma<\/a><\/li><li class=\"listing-item\"><a class=\"title\" href=\"https:\/\/blogs.pacasmayo.com\/estampaspacasmayinas\/el-cura-sin-cabeza\/\">El Cura sin Cabeza<\/a><\/li><li class=\"listing-item\"><a class=\"title\" href=\"https:\/\/blogs.pacasmayo.com\/estampaspacasmayinas\/la-chancha-encantada\/\">La Chancha Encantada<\/a><\/li><li class=\"listing-item\"><a class=\"title\" href=\"https:\/\/blogs.pacasmayo.com\/estampaspacasmayinas\/la-bruja\/\">La Bruja<\/a><\/li><li class=\"listing-item\"><a class=\"title\" href=\"https:\/\/blogs.pacasmayo.com\/estampaspacasmayinas\/la-pata-de-oro-y-sus-patitos\/\">La Pata de Oro y sus Patitos<\/a><\/li><li class=\"listing-item\"><a class=\"title\" href=\"https:\/\/blogs.pacasmayo.com\/estampaspacasmayinas\/la-casa-de-la-calavera-negra\/\">La Casa de la Calavera Negra<\/a><\/li><li class=\"listing-item\"><a class=\"title\" href=\"https:\/\/blogs.pacasmayo.com\/estampaspacasmayinas\/cuando-los-perros-aullan\/\">Cuando los Perros Aullan<\/a><\/li><li class=\"listing-item\"><a class=\"title\" href=\"https:\/\/blogs.pacasmayo.com\/estampaspacasmayinas\/el-barco-perdido\/\">El Barco Perdido<\/a><\/li><li class=\"listing-item\"><a class=\"title\" href=\"https:\/\/blogs.pacasmayo.com\/estampaspacasmayinas\/la-casa-del-ahorcado\/\">La Casa del Ahorcado<\/a><\/li><li class=\"listing-item\"><a class=\"title\" href=\"https:\/\/blogs.pacasmayo.com\/estampaspacasmayinas\/la-novia-del-diablo\/\">La Novia del Diablo<\/a><\/li><li class=\"listing-item\"><a class=\"title\" href=\"https:\/\/blogs.pacasmayo.com\/estampaspacasmayinas\/el-becerro-de-oro-jequetepeque\/\">El Becerro de Oro (Jequetepeque)<\/a><\/li><li class=\"listing-item\"><a class=\"title\" href=\"https:\/\/blogs.pacasmayo.com\/estampaspacasmayinas\/los-platanos-de-oro-san-jose\/\">Los Pl\u00e1tanos de Oro (San Jos\u00e9)<\/a><\/li><li class=\"listing-item\"><a class=\"title\" href=\"https:\/\/blogs.pacasmayo.com\/estampaspacasmayinas\/el-cerro-pitura-san-jose\/\">El Cerro Pitura (San Jos\u00e9)<\/a><\/li><li class=\"listing-item\"><a class=\"title\" href=\"https:\/\/blogs.pacasmayo.com\/estampaspacasmayinas\/el-tesoro-de-cupisnique-san-pedro\/\">El Tesoro de Cupisnique (San Pedro)<\/a><\/li><li class=\"listing-item\"><a class=\"title\" href=\"https:\/\/blogs.pacasmayo.com\/estampaspacasmayinas\/el-carbunclo-san-pedro\/\">El Carbunclo (San Pedro)<\/a><\/li><li class=\"listing-item\"><a class=\"title\" href=\"https:\/\/blogs.pacasmayo.com\/estampaspacasmayinas\/el-compactado-san-pedro\/\">El Compactado (San Pedro)<\/a><\/li><li class=\"listing-item\"><a class=\"title\" href=\"https:\/\/blogs.pacasmayo.com\/estampaspacasmayinas\/la-rubia-del-cerro-chilco-san-pedro\/\">La Rubia del Cerro Chilco (San Pedro)<\/a><\/li><\/ul>\n","protected":false},"excerpt":{"rendered":"<p>La literatura oral o m\u00e1gica que comprende los mitos, cuentos y leyendas, naci\u00f3 antes de la literatura escrita y se viene trasmitiendo de padres a hijos desde tiempos muy remotos.&hellip; <\/p>\n","protected":false},"author":1,"featured_media":0,"parent":0,"menu_order":0,"comment_status":"open","ping_status":"open","template":"","meta":{"footnotes":""},"class_list":["post-140","page","type-page","status-publish","hentry"],"yoast_head":"<!-- This site is optimized with the Yoast SEO plugin v27.4 - https:\/\/yoast.com\/product\/yoast-seo-wordpress\/ -->\n<title>Literatura M\u00e1gica - Estampas Pacasmayinas<\/title>\n<meta name=\"robots\" content=\"index, follow, max-snippet:-1, max-image-preview:large, max-video-preview:-1\" \/>\n<link rel=\"canonical\" href=\"https:\/\/blogs.pacasmayo.com\/estampaspacasmayinas\/literatura-magica\/\" \/>\n<meta property=\"og:locale\" content=\"en_US\" \/>\n<meta property=\"og:type\" content=\"article\" \/>\n<meta property=\"og:title\" content=\"Literatura M\u00e1gica - Estampas Pacasmayinas\" \/>\n<meta property=\"og:description\" content=\"La literatura oral o m\u00e1gica que comprende los mitos, cuentos y leyendas, naci\u00f3 antes de la literatura escrita y se viene trasmitiendo de padres a hijos desde tiempos muy remotos.&hellip;\" \/>\n<meta property=\"og:url\" content=\"https:\/\/blogs.pacasmayo.com\/estampaspacasmayinas\/literatura-magica\/\" \/>\n<meta property=\"og:site_name\" content=\"Estampas Pacasmayinas\" \/>\n<meta property=\"article:modified_time\" content=\"2013-10-14T17:29:42+00:00\" \/>\n<meta name=\"twitter:card\" content=\"summary_large_image\" \/>\n<meta name=\"twitter:label1\" content=\"Est. reading time\" \/>\n\t<meta name=\"twitter:data1\" content=\"1 minute\" \/>\n<script type=\"application\/ld+json\" class=\"yoast-schema-graph\">{\"@context\":\"https:\\\/\\\/schema.org\",\"@graph\":[{\"@type\":\"WebPage\",\"@id\":\"https:\\\/\\\/blogs.pacasmayo.com\\\/estampaspacasmayinas\\\/literatura-magica\\\/\",\"url\":\"https:\\\/\\\/blogs.pacasmayo.com\\\/estampaspacasmayinas\\\/literatura-magica\\\/\",\"name\":\"Literatura M\u00e1gica - Estampas Pacasmayinas\",\"isPartOf\":{\"@id\":\"https:\\\/\\\/blogs.pacasmayo.com\\\/estampaspacasmayinas\\\/#website\"},\"datePublished\":\"2013-10-14T17:03:44+00:00\",\"dateModified\":\"2013-10-14T17:29:42+00:00\",\"breadcrumb\":{\"@id\":\"https:\\\/\\\/blogs.pacasmayo.com\\\/estampaspacasmayinas\\\/literatura-magica\\\/#breadcrumb\"},\"inLanguage\":\"en-US\",\"potentialAction\":[{\"@type\":\"ReadAction\",\"target\":[\"https:\\\/\\\/blogs.pacasmayo.com\\\/estampaspacasmayinas\\\/literatura-magica\\\/\"]}]},{\"@type\":\"BreadcrumbList\",\"@id\":\"https:\\\/\\\/blogs.pacasmayo.com\\\/estampaspacasmayinas\\\/literatura-magica\\\/#breadcrumb\",\"itemListElement\":[{\"@type\":\"ListItem\",\"position\":1,\"name\":\"Portada\",\"item\":\"https:\\\/\\\/blogs.pacasmayo.com\\\/estampaspacasmayinas\\\/\"},{\"@type\":\"ListItem\",\"position\":2,\"name\":\"Literatura M\u00e1gica\"}]},{\"@type\":\"WebSite\",\"@id\":\"https:\\\/\\\/blogs.pacasmayo.com\\\/estampaspacasmayinas\\\/#website\",\"url\":\"https:\\\/\\\/blogs.pacasmayo.com\\\/estampaspacasmayinas\\\/\",\"name\":\"Estampas Pacasmayinas\",\"description\":\"Retratos de la vida diaria\",\"potentialAction\":[{\"@type\":\"SearchAction\",\"target\":{\"@type\":\"EntryPoint\",\"urlTemplate\":\"https:\\\/\\\/blogs.pacasmayo.com\\\/estampaspacasmayinas\\\/?s={search_term_string}\"},\"query-input\":{\"@type\":\"PropertyValueSpecification\",\"valueRequired\":true,\"valueName\":\"search_term_string\"}}],\"inLanguage\":\"en-US\"}]}<\/script>\n<!-- \/ Yoast SEO plugin. -->","yoast_head_json":{"title":"Literatura M\u00e1gica - Estampas Pacasmayinas","robots":{"index":"index","follow":"follow","max-snippet":"max-snippet:-1","max-image-preview":"max-image-preview:large","max-video-preview":"max-video-preview:-1"},"canonical":"https:\/\/blogs.pacasmayo.com\/estampaspacasmayinas\/literatura-magica\/","og_locale":"en_US","og_type":"article","og_title":"Literatura M\u00e1gica - Estampas Pacasmayinas","og_description":"La literatura oral o m\u00e1gica que comprende los mitos, cuentos y leyendas, naci\u00f3 antes de la literatura escrita y se viene trasmitiendo de padres a hijos desde tiempos muy remotos.&hellip;","og_url":"https:\/\/blogs.pacasmayo.com\/estampaspacasmayinas\/literatura-magica\/","og_site_name":"Estampas Pacasmayinas","article_modified_time":"2013-10-14T17:29:42+00:00","twitter_card":"summary_large_image","twitter_misc":{"Est. reading time":"1 minute"},"schema":{"@context":"https:\/\/schema.org","@graph":[{"@type":"WebPage","@id":"https:\/\/blogs.pacasmayo.com\/estampaspacasmayinas\/literatura-magica\/","url":"https:\/\/blogs.pacasmayo.com\/estampaspacasmayinas\/literatura-magica\/","name":"Literatura M\u00e1gica - Estampas Pacasmayinas","isPartOf":{"@id":"https:\/\/blogs.pacasmayo.com\/estampaspacasmayinas\/#website"},"datePublished":"2013-10-14T17:03:44+00:00","dateModified":"2013-10-14T17:29:42+00:00","breadcrumb":{"@id":"https:\/\/blogs.pacasmayo.com\/estampaspacasmayinas\/literatura-magica\/#breadcrumb"},"inLanguage":"en-US","potentialAction":[{"@type":"ReadAction","target":["https:\/\/blogs.pacasmayo.com\/estampaspacasmayinas\/literatura-magica\/"]}]},{"@type":"BreadcrumbList","@id":"https:\/\/blogs.pacasmayo.com\/estampaspacasmayinas\/literatura-magica\/#breadcrumb","itemListElement":[{"@type":"ListItem","position":1,"name":"Portada","item":"https:\/\/blogs.pacasmayo.com\/estampaspacasmayinas\/"},{"@type":"ListItem","position":2,"name":"Literatura M\u00e1gica"}]},{"@type":"WebSite","@id":"https:\/\/blogs.pacasmayo.com\/estampaspacasmayinas\/#website","url":"https:\/\/blogs.pacasmayo.com\/estampaspacasmayinas\/","name":"Estampas Pacasmayinas","description":"Retratos de la vida diaria","potentialAction":[{"@type":"SearchAction","target":{"@type":"EntryPoint","urlTemplate":"https:\/\/blogs.pacasmayo.com\/estampaspacasmayinas\/?s={search_term_string}"},"query-input":{"@type":"PropertyValueSpecification","valueRequired":true,"valueName":"search_term_string"}}],"inLanguage":"en-US"}]}},"_links":{"self":[{"href":"https:\/\/blogs.pacasmayo.com\/estampaspacasmayinas\/wp-json\/wp\/v2\/pages\/140","targetHints":{"allow":["GET"]}}],"collection":[{"href":"https:\/\/blogs.pacasmayo.com\/estampaspacasmayinas\/wp-json\/wp\/v2\/pages"}],"about":[{"href":"https:\/\/blogs.pacasmayo.com\/estampaspacasmayinas\/wp-json\/wp\/v2\/types\/page"}],"author":[{"embeddable":true,"href":"https:\/\/blogs.pacasmayo.com\/estampaspacasmayinas\/wp-json\/wp\/v2\/users\/1"}],"replies":[{"embeddable":true,"href":"https:\/\/blogs.pacasmayo.com\/estampaspacasmayinas\/wp-json\/wp\/v2\/comments?post=140"}],"version-history":[{"count":0,"href":"https:\/\/blogs.pacasmayo.com\/estampaspacasmayinas\/wp-json\/wp\/v2\/pages\/140\/revisions"}],"wp:attachment":[{"href":"https:\/\/blogs.pacasmayo.com\/estampaspacasmayinas\/wp-json\/wp\/v2\/media?parent=140"}],"curies":[{"name":"wp","href":"https:\/\/api.w.org\/{rel}","templated":true}]}}